de 164?
False
Is 43 a factor of 3784?
True
Does 10 divide 3530?
True
Is 11 a factor of 896?
False
Is 5996 a multiple of 20?
False
Is 85 a factor of 28815?
True
Is 9835 a multiple of 24?
False
Does 8 divide 272?
True
Is 852 a multiple of 4?
True
Does 31 divide 3348?
True
Is 21 a factor of 21?
True
Does 13 divide 663?
True
Is 27 a factor of 1107?
True
Is 82 a multiple of 2?
True
Does 51 divide 30141?
True
Is 10 a factor of 260?
True
Is 11649 a multiple of 11?
True
Does 15 divide 90?
True
Does 2 divide 1624?
True
Does 3 divide 201?
True
Is 124 a factor of 6708?
False
Is 17089 a multiple of 23?
True
Is 2106 a multiple of 48?
False
Is 542 a multiple of 13?
False
Is 51 a factor of 4307?
False
Does 24 divide 552?
True
Does 8 divide 606?
False
Is 2342 a multiple of 9?
False
Is 68 a factor of 884?
True
Does 68 divide 11424?
True
Is 7392 a multiple of 112?
True
Does 6 divide 7848?
True
Does 50 divide 30045?
False
Is 623 a multiple of 4?
False
Is 43 a factor of 5145?
False
Is 14 a factor of 11117?
False
Does 102 divide 9486?
True
Does 63 divide 260?
False
Is 64773 a multiple of 9?
True
Is 1894 a multiple of 4?
False
Is 152 a factor of 3952?
True
Is 76 a multiple of 2?
True
Is 77 a factor of 1680?
False
Is 60 a multiple of 10?
True
Does 51 divide 15861?
True
Is 24618 a multiple of 66?
True
Is 4 a factor of 2548?
True
Is 924 a multiple of 31?
False
Is 4712 a multiple of 12?
False
Is 68 a factor of 340?
True
Is 121 a factor of 33275?
True
Is 1122 a multiple of 33?
True
Does 25 divide 114279?
False
Is 5 a factor of 34990?
True
Is 80 a factor of 8240?
True
Is 32 a factor of 1472?
True
Is 9 a factor of 46190?
False
Is 144 a multiple of 3?
True
Does 2 divide 1491?
False
Is 75 a factor of 24229?
False
Is 954 a multiple of 5?
False
Is 25555 a multiple of 23?
False
Is 358 a multiple of 131?
False
Is 1712 a multiple of 110?
False
Is 287 a multiple of 23?
False
Is 1750 a multiple of 10?
True
Is 1345 a multiple of 3?
False
Is 918 a multiple of 18?
True
Does 51 divide 2193?
True
Is 6 a factor of 34553?
False
Does 23 divide 1186?
False
Is 12 a factor of 4725?
False
Is 2 a factor of 1226?
True
Is 70 a factor of 771?
False
Is 51 a factor of 5865?
True
Is 68 a factor of 3400?
True
Is 11 a factor of 695?
False
Is 8926 a multiple of 12?
False
Does 8 divide 21304?
True
Does 14 divide 518?
True
Is 2944 a multiple of 64?
True
Does 6 divide 214?
False
Is 60 a factor of 1739?
False
Is 47 a factor of 2350?
True
Does 54 divide 1988?
False
Is 16841 a multiple of 17?
False
Is 9 a factor of 780?
False
Is 28 a factor of 3248?
True
Is 9749 a multiple of 139?
False
Is 3 a factor of 1893?
True
Is 54 a multiple of 27?
True
Does 27 divide 3264?
False
Does 11 divide 583?
True
Is 1810 a multiple of 11?
False
Is 4448 a multiple of 16?
True
Does 17 divide 663?
True
Does 183 divide 16634?
False
Does 8 divide 22596?
False
Is 81 a factor of 13955?
False
Does 25 divide 30700?
True
Is 1616 a multiple of 8?
True
Is 200 a factor of 69400?
True
Does 11 divide 4973?
False
Is 928 a multiple of 4?
True
Does 5 divide 36435?
True
Does 8 divide 1736?
True
Is 5120 a multiple of 14?
False
Is 8840 a multiple of 13?
True
Does 6 divide 1578?
True
Is 10 a factor of 57600?
True
Is 6525 a multiple of 15?
True
Does 30 divide 7680?
True
Is 34 a factor of 431?
False
Is 1860 a multiple of 12?
True
Does 16 divide 784?
True
Is 288 a multiple of 8?
True
Does 21 divide 132?
False
Is 2 a factor of 3245?
False
Is 57 a factor of 6302?
False
Is 1411 a multiple of 57?
False
Is 23184 a multiple of 176?
False
Is 30 a factor of 51270?
True
Is 45955 a multiple of 101?
True
Is 5783 a multiple of 110?
False
Does 19 divide 950?
True
Does 14 divide 448?
True
Does 301 divide 112875?
True
Is 9 a factor of 147?
False
Is 1618 a multiple of 73?
False
Does 23 divide 67709?
False
Is 46 a factor of 3450?
True
Is 2 a factor of 1315?
False
Is 7818 a multiple of 51?
False
Does 2 divide 4693?
False
Does 18 divide 17114?
False
Does 66 divide 3467?
False
Is 21 a factor of 24654?
True
Is 41 a factor of 1972?
False
Is 17532 a multiple of 25?
False
Is 2 a factor of 73?
False
Is 198 a multiple of 36?
False
Is 17204 a multiple of 7?
False
Does 114 divide 3548?
False
Is 4884 a multiple of 22?
True
Is 22 a factor of 12107?
False
Is 1515 a multiple of 18?
False
Is 2210 a multiple of 101?
False
Does 45 divide 69890?
False
Does 50 divide 10100?
True
Is 11504 a multiple of 16?
True
Does 6 divide 1276?
False
Is 9 a factor of 1377?
True
Is 35494 a multiple of 170?
False
Is 14976 a multiple of 36?
True
Does 16 divide 1031?
False
Is 18 a factor of 900?
True
Is 6 a factor of 63468?
True
Is 3 a factor of 21692?
False
Does 37 divide 48692?
True
Is 49 a factor of 6027?
True
Does 161 divide 11266?
False
Is 408 a multiple of 14?
False
Is 2600 a multiple of 65?
True
Is 184 a factor of 2004?
False
Does 40 divide 5520?
True
Is 65 a factor of 1950?
True
Does 67 divide 287?
False
Does 20 divide 1840?
True
Is 195 a multiple of 25?
False
Is 54152 a multiple of 133?
False
Does 2 divide 722?
True
Is 29 a factor of 3128?
False
Is 74 a factor of 3404?
True
Is 158 a multiple of 4?
False
Is 282 a factor of 30807?
False
Is 19 a factor of 1127?
False
Does 5 divide 3005?
True
Does 12 divide 2027?
False
Is 12210 a multiple of 22?
True
Is 3 a factor of 300?
True
Is 1836 a multiple of 34?
True
Is 44 a factor of 2416?
False
Does 86 divide 2150?
True
Is 17 a factor of 170?
True
Is 82 a factor of 27462?
False
Does 15 divide 1125?
True
Is 46 a factor of 3166?
False
Is 16302 a multiple of 39?
True
Does 20 divide 740?
True
Is 6472 a multiple of 30?
False
Does 13 divide 7413?
False
Is 1763 a multiple of 7?
False
Is 463 a multiple of 23?
False
Is 5760 a multiple of 12?
True
Is 66 a factor of 2046?
True
Does 69 divide 6748?
False
Is 23 a factor of 1035?
True
Does 71 divide 37843?
True
Does 48 divide 1092?
False
Does 11 divide 3533?
False
Is 3634 a multiple of 29?
False
Does 22 divide 1558?
False
Is 15 a factor of 21793?
False
Does 62 divide 980?
False
Is 35 a factor of 3185?
True
Is 12 a factor of 163?
False
Is 3300 a multiple of 12?
True
Is 17 a factor of 578?
True
Is 95 a factor of 31356?
False
Does 13 divide 137761?
True
Does 33 divide 11550?
True
Is 105 a multiple of 35?
True
Does 183 divide 3294?
True
Is 2236 a multiple of 26?
True
Is 13830 a multiple of 19?
False
Does 55 divide 10445?
False
Is 1941 a multiple of 32?
False
Is 7997 a multiple of 7?
False
Is 6733 a multiple of 21?
False
Is 1560 a multiple of 8?
True
Does 50 divide 250?
True
Is 13872 a multiple of 102?
True
Does 203 divide 35109?
False
Is 1440 a multiple of 18?
True
Is 2003 a multiple of 3?
False
Is 10 a factor of 747?
False
Is 15 a factor of 12240?
True
Is 30851 a multiple of 12?
False
Is 79 a multiple of 20?
False
Is 8288 a multiple of 21?
False
Does 21 divide 26019?
True
Is 2392 a multiple of 25?
False
Does 7 divide 5271?
True
Does 4 divide 680?
True
Does 9 divide 6347?
False
Is 933 a multiple of 12?
False
Is 32090 a multiple of 158?
False
Is 42 a factor of 798?
True
Does 15 divide 24420?
True
Is 13 a factor of 895?
False
Is 80 a factor of 240?
True
Does 99 divide 4653?
True
Does 127 divide 1990?
False
Does 19 divide 12863?
True
Is 24 a factor of 440?
False
Is 8202 a multiple of 90?
False
Is 2 a factor of 1115?
False
Is 7955 a multiple of 185?
True
Does 16 divide 272?
True
Does 96 divide 1232?
False
Is 16 a factor of 2240?
True
Is 15 a factor of 76?
False
Is 21442 a multiple of 130?
False
Does 39 divide 45325?
False
Is 3 a factor of 242?
False
Is 67 a factor of 536?
True
Does 35 divide 1400?
True
Is 5 a factor of 31370?
True
Is 5 a factor of 12597?
False
Is 42 a multiple of 2?
True
Is 24 a factor of 672?
True
Is 7020 a multiple of 29?
False
Is 486 a multiple of 54?
True
Is 283 a multiple of 2?
False
Is 129 a factor of 7611?
True
Is 6 a factor of 786?
True
Is 20860 a multiple of 70?
True
Is 2474 a multiple of 40?
False
Is 3 a factor of 7863?
True
Is 9 a factor of 4348?
False
Is 13 a factor of 872?
False
Is 34 a factor of 4194?
False
Is 15 a factor of 1021?
False
Is 2555 a multiple of 8?
False
Does 16 divide 7180?
False
Is 54238 a multiple of 47?
True
Does 15 divide 11300?
False
Is 12221 a multiple of 12?
False
Does 7 divide 315?
True
Is 21670 a multiple of 55?
True
Is 68 a factor of 62084?
True
Does 17 divide 333?
False
D